
43
Let m be (1 - 3)*((-370)/(-20) - -15). Let h = -50 - m. What are the prime factors of h?
17
Let r(x) = -x**2 - 2*x + 20. Let a be r(-5). Suppose 3*i = -2*n + 1213, 6*n + 2051 = a*i + 2*n. List the prime factors of i.
11, 37
Let j be 645/60 + (-6)/8. Let y(f) = 13 + 4 + j + 2 - 18*f. List the prime factors of y(-8).
173
Let n = -5709 + 4070. Let x = -934 - n. List the prime factors of x.
3, 5, 47
Let p(k) = 5*k - 96. Let u be p(21). What are the prime factors of u + 10816/56 + (-2)/14?
2, 101
Suppose -25*c - 15*c + 333882 = -59878. What are the prime factors of c?
2, 23, 107
Let g be (-186)/(-38) - 13/(2223/(-18)). Suppose -g*f + 3*x + 7108 = 5*x, 5*f = -3*x + 7112. List the prime factors of f.
2, 5, 71
Suppose 5*w = -5*b - 18825, -46*b - w = -47*b - 3759. Let m = -2531 - b. List the prime factors of m.
1231
Let o = 72436 + -39210. What are the prime factors of o?
2, 37, 449
Let q be (-2)/1*12/(-8). Suppose q*s - 186 + 54 = 0. List the prime factors of s.
2, 11
Let s(q) = 522*q**3 + 18*q**2 - 7*q + 5. List the prime factors of s(2).
3, 157
Let m(z) = -15354*z**3 + 2*z**2 - 21*z - 22. List the prime factors of m(-1).
5, 37, 83
Suppose -769124 = -16*u - 40*u + 56596. What are the prime factors of u?
3, 5, 983
Let n(i) = -2*i**3 - 6*i**2 - 6*i - 12. Suppose 3*j - 47 = -0*j - 5*a, 3*a + 11 = j. Suppose -34 = 4*l - j. List the prime factors of n(l).
2, 59
Suppose 5*f - 10 - 10 = 0. Let m(s) = -s**2 + s + 18. Let i be m(5). What are the prime factors of 26 + (i + f)/(-2)?
5
Let k = 3822 + -2622. What are the prime factors of k?
2, 3, 5
Let y(b) = -19*b**2 + 6*b + 22. Let z be y(-4). What are the prime factors of z/(-2) - (1 + -2)?
2, 7, 11
Let f be ((-9)/(-12))/((-21)/(-140)) + 1547. Let r = 2316 - f. List the prime factors of r.
2, 191
Let n(j) = 2*j**2 + 2*j - 2. Let v be n(-2). Suppose -v*u - 604 = -4*u. Let c = u + -208. What are the prime factors of c?
2, 47
Let x = 12 + -9. Suppose -7*r + 11*r + y = 5024, y - 3768 = -x*r. List the prime factors of r.
2, 157
Let c(d) = -4*d**2 + 50*d + 7. Let h(i) = 4*i**2 - 51*i - 8. Let w(y) = 4*c(y) + 5*h(y). Let u be w(14). List the prime factors of (-6)/u - -82*1.
79
Let v(h) = -323*h**2 - 10*h - 11. Let g(d) = 108*d**2 + 3*d + 4. Let u(j) = 7*g(j) + 2*v(j). Let y be u(-2). Let p = y + -279. What are the prime factors of p?
3, 5, 11
Let k be 2778/12 - (-1)/2. Suppose 363 = 5*p - k. What are the prime factors of p?
7, 17
Let f(v) = 347*v**2 - 24*v - 22. Let r be f(-8). Suppose 15*z - 1052 - r = 0. List the prime factors of z.
2, 11, 71
Let i(l) = -4*l + 48. Let h be i(12). Suppose 3*z - 662 - 550 = h. List the prime factors of z.
2, 101
Let h(s) = s**3 - 4*s**2 - 2*s - 8. Suppose -25*r = -20*r - 10. Let q be (105/10)/(3/r). List the prime factors of h(q).
5
Let w be 1296/160 + (-1)/10. Suppose 0 = 9*g - w*g - 78. List the prime factors of g.
2, 3, 13
Let a be ((-162)/(-72))/(3/4). Suppose 968 = 3*u + 2*b - 2148, 0 = -4*u + a*b + 4132. List the prime factors of u.
2, 7, 37
Let u(v) = 102*v**2 + 6*v - 6. Let w be u(3). Let z(l) = 14*l - 28. Let p be z(3). Suppose w = -9*y + p*y. List the prime factors of y.
2, 3, 31
Let u be 0/((-6)/(-8)*36/(-9)). Suppose 782 = 3*o - u*j - j, 512 = 2*o + 4*j. What are the prime factors of o?
2, 5, 13
Let f(k) be the first derivative of -2*k**4 - k**3 - 3*k**2/2 - 6*k + 135. List the prime factors of f(-5).
2, 467
Let s = 100 + 35. Let v be (-35)/(-4) - (4 + 34/(-8)). What are the prime factors of 5*v/(s/258)?
2, 43
Let k = -17111 + 30678. List the prime factors of k.
13567
Let p(t) = -t**3 - 3*t**2 + 6*t + 4. Let c be 2/(-4)*8 - 4. What are the prime factors of p(c)?
2, 3, 23
Suppose 0*d + 2*d + 5 = u, 4*u - 20 = 5*d. Suppose -4*q - 2*k = -k - 261, u*q - 305 = 3*k. Suppose -2*n - q = -4*n. What are the prime factors of n?
2
Suppose -210 = 10*l + 90. What are the prime factors of (-338*4/(-24))/((-5)/l)?
2, 13
Let g = -76 - -131. Suppose 0 = -2*n - 4*v - 10, -n - 4*v + 0 + 5 = 0. List the prime factors of g/2 + n/10.
2, 13
Let q(k) = k**3 + 20*k**2 + k + 21. Let b be q(-20). Let z be 3 + 24/(-6) + (-551)/b. What are the prime factors of (z/20)/((-8)/60)?
3, 23
Let l(p) = p**3 - 24*p**2 + 80*p + 61. What are the prime factors of l(27)?
2, 19, 29
Let c(t) = -t**3 - 19*t**2 + 25*t - 41. Let a(r) = -3*r**3 - 39*r**2 + 51*r - 82. Let j(h) = 2*a(h) - 5*c(h). What are the prime factors of j(14)?
307
Let s(w) = 177*w - 195. Suppose 0 = -l + 5*l + 2*f - 34, -4*l - 5*f = -31. List the prime factors of s(l).
2, 3, 233
Suppose 94 = 2*c - 0*c. Let y = -45 + c. Suppose -4*j - 16 = 0, -2*n + 251 = n - y*j. List the prime factors of n.
3
Suppose 6*x = -16051 + 50803. What are the prime factors of x?
2, 181
Let r = 367 - -4274. List the prime factors of r.
3, 7, 13, 17
Let p = 38 - 35. Suppose 2*b = l + 63, p*l - 6*b + 185 = -4*b. Let f = l + 124. What are the prime factors of f?
3, 7
Let p(j) be the first derivative of 5*j**4/12 + 11*j**3/6 - 9*j**2/2 + 31*j - 13. Let a(x) be the first derivative of p(x). List the prime factors of a(5).
3, 19
List the prime factors of (-101 + -1 + 0)*(-14 + (-34 - 71)).
2, 3, 7, 17
List the prime factors of 54282/9 - (-5 - (-160)/30).
37, 163
Suppose -5*c + 225 + 95 = 0. Let d = 61 - c. Let r = d - -52. What are the prime factors of r?
7
List the prime factors of ((-736)/115 - -7)*43145.
3, 8629
Let x be (-80508)/(-228) + 4/(-38). Let u = 1246 - x. List the prime factors of u.
19, 47
Suppose 0 = 3*x + 5*c - 61, 27 = 3*x - 2*x + 3*c. Suppose 28*p = 26*p + x. Suppose 4*q + 266 = 2*b, p*q = 5*b + 2*q - 647. What are the prime factors of b?
127
Suppose 13789 = 4*y - 3*n - 16234, 0 = 2*n + 2. What are the prime factors of y?
5, 19, 79
Suppose -2*r - 33 = -663. Suppose -r = -34*q + 13*q. What are the prime factors of q?
3, 5
Let k = 95474 + -19906. What are the prime factors of k?
2, 4723
Suppose 2*c + 36 = 11*c. Let f be 15*c/12*1. Suppose 2*n - 5*m + 11 = 0, -3*m + 23 = f*n + 4. What are the prime factors of n?
2
Suppose 0 = 4*j - 2*t - 1708, 5*j + 4*t + t = 2165. Let l = -408 + j. What are the prime factors of l?
3, 7
Suppose 4*i + 428 = -3*s, -422*s = -3*i - 419*s - 363. Suppose 3*b + 3*n - 57 = 114, -3*n - 99 = -2*b. Let u = b - i. What are the prime factors of u?
167
Let j(x) = -x**2 - 2*x + 34. Let z be j(-7). What are the prime factors of (7150/55)/(z - 9/(-7))?
5, 7, 13
What are the prime factors of 15829 + 114*(-14)/84?
2, 3, 5, 17, 31
Suppose 194 - 191 = -l. List the prime factors of (-1)/l - (-12980)/66.
197
Suppose 3*s = -3*s + 18. Let q be -113 + 4*s/12. List the prime factors of (q/(-6))/((-4)/(-18)).
2, 3, 7
Let y(x) = 21*x. Let b be y(2). Let m be b/(-18)*-39 - -3*1. Let l = 220 - m. List the prime factors of l.
2, 3, 7
Suppose -8*g = -81528 - 107968. List the prime factors of g.
23687
Let n(v) = -14*v**3 + 6*v**2 + 2. Let r be n(-3). Suppose -5*d - r = -6*d. List the prime factors of d.
2, 7, 31
List the prime factors of (-1)/((-16 - -30)/(-153342)).
3, 1217
Suppose -7*r - 43 = -4670. Suppose -3*n - 934 + 2918 = -5*l, -n + r = -2*l. List the prime factors of n.
3, 13, 17
Suppose -4*d - 67 + 383 = 0. Let k(t) = -57*t + 665. Let j be k(9). Let b = j - d. What are the prime factors of b?
73
Suppose -87*p - 48*p + 6373422 = -36*p. What are the prime factors of p?
2, 32189
Let z = 62838 + -36639. What are the prime factors of z?
3, 41, 71
Let x be (6 - 13) + 1 + -92. Let y = x - -153. List the prime factors of y.
5, 11
Suppose -14 = 5*k + 6. What are the prime factors of 347 - (k + 3 - -5)?
7
Let u(j) = j + 26 - 9 - 4 - 12 + 587*j**2. List the prime factors of u(-1).
587
Suppose -2*k - 291 = -843. Suppose -2*q = 2*i - k, -5*q + 535 = i - 155. Let u = -78 + q. List the prime factors of u.
2, 3, 5
List the prime factors of ((-1354543)/(-1734))/(1/90).
3, 5, 43, 109
Suppose -2*l + 68 = 2*n, 7*n - 8*n - 40 = -l. Suppose 59 = 6*v - l. What are the prime factors of v?
2
Let c(i) be the third derivative of -i**6/120 + 2*i**5/15 + 7*i**4/12 - i**3 - 12*i**2. Let l be c(7). Let q = l + -79. List the prime factors of q.
2, 31
Suppose -r = -5*z - 17, -z - 2 = -3*z - 4*r. Let y(o) = 2*o + 30. Let k(h) = h. Let f(i) = z*k(i) + y(i). What are the prime factors of f(19)?
11
Let t(r) = 394*r + 159 - 180*r - 201*r. List the prime factors of t(33).
2, 3, 7
Suppo